 be (-154)/(-21) + 2/(-18)*3. Is -6 + 5 + c + 4733 composite?
True
Let v(r) = r**2 + r - 17. Let t be v(4). Suppose 5*o - 5*b = -7*b + 453, -4*b - 277 = -t*o. Suppose -7*j = -2*j - 4*i - o, 4*i + 72 = 4*j. Is j prime?
True
Let v be (-971232)/(-864) - ((-20)/(-18) - 1). Let x = 2031 - v. Is x a prime number?
True
Let u = -5 - -8. Suppose u*l = 7*l - 1340. Let r = l + -124. Is r a prime number?
True
Suppose 0 = -5*i - 5*w + 4*w - 1691, -5*i + 2*w - 1688 = 0. Let h be 630 + 1*(-4 - (-4 - -1)). Let c = h - i. Is c a composite number?
False
Is 609400/(-9)*(-15)/10 + (-3)/(-9) composite?
True
Let h(o) = 880*o**2 - 6*o + 15. Is h(4) a prime number?
True
Suppose -4403716 = -49*s + 7331245. Is s composite?
False
Let b(u) be the second derivative of -u**5/4 + 5*u**4/6 - 4*u**3 + 41*u**2/2 - 11*u - 3. Is b(-10) a composite number?
True
Let k = 118645 + 1214. Is k composite?
True
Suppose -z + 436 = -2*l, -z + 3*l + 432 = -0*l. Let w = z - -132. Suppose 10*o + w = 13766. Is o a composite number?
False
Suppose -2*p + 14002 = -4*k, -50*p + 14002 = -48*p + 4*k. Suppose -2*h - 11667 = -5*u, -2*h - p = -15*u + 12*u. Is u prime?
True
Let p(n) = -4399*n + 5. Suppose -64 = 33*m + 2. Is p(m) a composite number?
False
Is (-27)/((-6)/(-2)) - -68320 a prime number?
True
Let v = -1112 + 2033. Is v composite?
True
Suppose 3*o = 8*o - 320. Let w = 91 - o. Let m(q) = q**3 - 27*q**2 + 5*q - 58. Is m(w) a composite number?
True
Suppose 2*h - 6 = 0, 2*l + h - 315316 = l. Is l prime?
True
Let o(s) = -s**2 - s + 62. Suppose 0 = j + 1 + 3, -2*j = 2*h - 4. Let q be o(h). Let z(d) = 2*d**3 - 38*d**2 + 14*d + 7. Is z(q) prime?
True
Let w(i) = 10*i - 18. Let y be w(2). Suppose 22*d + y*t = 20*d + 6878, -t - 13771 = -4*d. Is d prime?
False
Let m = -204 - -134. Let j be m/(-40) - (7/4 - 2). Suppose 2590 + 372 = j*r. Is r a prime number?
True
Let m(x) = 16*x**3 + 13*x**2 - 2*x - 20. Let r be m(10). Is (-1)/6 + r/24 prime?
True
Let z(n) = 93*n**2 - 29*n + 447. Is z(14) a composite number?
False
Let n be -1*(4 + 1)*(-6)/10. Let h be -4 + n + -1*4 + -2. Is (-6)/21 + (-4)/h*781 a prime number?
False
Suppose 0 = -z + v, 2*v - 12 = 5*z - 0*v. Let g be (-20)/25*10/z. Is 7104/8 - (-1)/1 - g a prime number?
True
Let y(t) = 6502*t - 304. Let n be y(16). Suppose 37776 + 91871 = 5*r - 2*j, -4*r - j = -n. Is r a composite number?
False
Let a(g) = 275*g**2 + 563*g - 13. Is a(4) composite?
True
Let s = 544114 + -62871. Is s/15 - (-13)/(975/10) a composite number?
False
Is (-591)/(18/47394*-3) prime?
False
Let p(b) = 112*b**2 + b + 23. Suppose 4*v + 39 = 5*k, 5*v = -0*v - 5*k - 15. Is p(v) a prime number?
True
Let j = 20 + -17. Suppose j = 3*m, -4*t + 0*m = -3*m - 13. Is (t - 26)*106/(-4) a prime number?
False
Suppose -3*o - 5*i = -170, 8*i = 4*o + 3*i - 285. Let g = 163 - o. Is (-1 + 2)/(-4 - (-394)/g) composite?
True
Let n(f) = -13656*f**3 - 3*f - 4. Let x(c) = -2*c**3 - 17*c**2 + 13*c + 35. Let v be x(-9). Is n(v) a prime number?
False
Is 468746/(-2)*(-428)/428 a prime number?
False
Suppose -13*k + 14*k - 6 = 2*r, -5*r - 18 = -k. Let d(o) = -17*o**3 + 3*o**2 + 14*o - 1. Is d(r) a prime number?
False
Let o be ((-84)/(-35))/((-4)/(-10)). Suppose -w - o = -3*w. Suppose 5*v = j + w*j - 7325, -9184 = -5*j - 3*v. Is j a prime number?
False
Suppose 7*h = 6*h + 1416. Let k be 77536/(-80) - 6/(-30). Let i = k + h. Is i composite?
True
Suppose -b - 23 = -5*c, 3*c - 3*b - 5 = 16. Suppose 17325 = 2*h - g - c*g, g = 1. Is h composite?
True
Is 1 - 6 - (19/(-95) + (-103018)/10) composite?
True
Suppose -55*f - 75*f + 30721812 = 2*f. Is f a composite number?
False
Is ((-337210)/(-160)*-2)/((-2)/16) composite?
False
Let j(t) = 19648*t**2 + 1591*t - 1. Is j(-4) prime?
True
Let j = -42 - -45. Suppose -j*l + 6 = 0, -2*i - 4*l - 4 = -6*i. Suppose -596 = -5*p + i*p. Is p composite?
True
Let c = -5108 - -44440. Suppose -4*d = 3*u - 37230 - c, -2*u = -d + 19135. Is d a composite number?
False
Suppose 12*u + 10507658 = 5*s + 11*u, 4*s + 3*u - 8406115 = 0. Is s a composite number?
False
Suppose -21*y + 4*y = -102. Suppose 0 = -y*v + 4*v + 3548. Is v prime?
False
Let s(p) = -2 + 0 - 3*p + 3*p + p. Let i be s(4). Suppose -5*v = -4*g - 2094, -3*g - 450 = -i*v + 382. Is v prime?
False
Let y = -242 + 247. Is 22367/5 - (-4 + 17/y) prime?
False
Let d(t) = 89912*t - 559. Is d(10) a prime number?
True
Let y = 1157 + -550. Suppose -r + 5*b = -610, 3*r = 2*r + 4*b + y. Suppose -z = 4*a - 549, 4*z = -4*a + 1541 + r. Is z prime?
False
Let d(m) = 6*m**3 + 7*m**2 + 8*m + 18. Let a be d(-5). Let y = a - -1624. Is y composite?
True
Let m be 14 - 20 - (0 - 1 - -28). Is (-9722)/(-4)*(m + 35) a prime number?
True
Let o(r) = 105374*r**2 + 1296*r + 3895. Is o(-3) a prime number?
False
Suppose x + 10*h = 14*h + 350197, 2*x = 4*h + 700410. Is x a prime number?
True
Let x = -60 + 63. Suppose -306 = x*j - 1194. Let a = -105 + j. Is a prime?
True
Let z = -1199 + 1958. Suppose -2*h - 1405 = -7*h. Let n = z - h. Is n a prime number?
False
Let c = -49 + 53. Let k(o) = -4*o + 18. Let i be k(c). Suppose 3*x = 2*y - 1277, y - 656 = 3*x + i*x. Is y composite?
False
Let m be (-8)/16*152*10/4. Let o = 4 + m. Let h = o - -328. Is h prime?
False
Let o(u) = -10911*u - 1774. Is o(-11) a prime number?
True
Suppose 1246437 = -4*d + 13*d. Suppose -53578 = -19*i + d. Is i a composite number?
True
Let z = 383823 + -180034. Is z a prime number?
True
Is ((-183)/6 - (-5)/(-1))/(6/(-61764)) a prime number?
False
Let p(r) = -9259*r - 6296. Is p(-15) composite?
False
Suppose -82*j + 972789 - 264555 = 0. Is j prime?
False
Let m be (-3)/18 + 2757/36*26. Let n = -1140 + m. Is n composite?
True
Let x = -93 + 89. Let v be (-25)/20 - x - 6/8. Is (-2 + 2 - 0)/v + 295 composite?
True
Let a be -2*1/(-2)*1. Let d(x) be the second derivative of 339*x**5/5 - x**4/12 - x**3/6 + 3*x**2/2 - 239*x. Is d(a) composite?
True
Suppose 4*n + 4*w = 24, -3*n + 3*w = -36 + 12. Let a(j) = -40*j**2 + 16*j + 10. Let l be a(n). Is l*((-12)/8 + 1) composite?
False
Let x(k) = 752*k. Let n be ((-16)/6)/1 + (-3)/9. Let l be x(n). Let t = l - -4813. Is t composite?
False
Let o be 45/10*(-31160)/(-30). Let t = o - -3172. Is t composite?
True
Suppose 3*r - 4*f = 17, -5*f + 38 = 2*r - f. Suppose -r*m = -5*m - 8394. Is m a composite number?
False
Is -3*1*3*(-33734085)/945 a prime number?
False
Suppose 0 = -2*p, -4*p - 787091 - 909592 = -2*d - 291589. Is d composite?
True
Suppose 61*u - 58*u + 2*v = 20, 0 = -4*u - 5*v + 36. Is u/(8/4552*2) a composite number?
True
Suppose 0 = 4*u - 16, 0 = -3*g - 4*u - 10 + 26. Suppose 90*l = 95*l - 10. Suppose -2*a - 3*r = -4*a + 1895, g = -2*a + l*r + 1896. Is a composite?
True
Let r(t) = 4*t + 443. Let x = -264 - -264. Is r(x) composite?
False
Let o(q) = 2*q**2 + q. Let d be o(0). Suppose 5*i - 2*i - 20337 = d. Is i composite?
False
Suppose -5*b + 19 = -3*p - 2, 2*p + 16 = 4*b. Is ((-23884)/(-112))/(p/8*-1) prime?
True
Suppose 2*o = -15*o + 50626. Let l = o + 131. Is l a composite number?
False
Suppose 12*z = 58*z - 46368. Suppose 506 = 2*b + 2*l - l, -4*l = 4*b - z. Is b a prime number?
False
Suppose -105*g = -49*g - 2152024. Is g composite?
True
Let k(t) = t**2 - 5*t + 7. Let q be (-1 - 1) + 1 + (1 - -4). Let w be k(q). Suppose 1528 = 5*d + w*d. Is d a composite number?
False
Let o be ((-24)/15)/(-2 + (-8)/(-5)). Let a be (-3)/((-48)/42188) - (-1)/o. Suppose 27*b = 30*b - a. Is b a composite number?
True
Let n = -434388 - -832133. Is n prime?
False
Suppose 2*o - 2 = o. Suppose -3*i - 3*x - 3 = -0*x, 4*i + 2 = -o*x. Suppose 5*m + 342 - 7877 = i. Is m composite?
True
Let c(w) = 1894*w**2 + 147*w + 1732. Is c(-11) a composite number?
True
Let q be (-3)/(12/4) + 6. Let t be 54/q + (-38)/10 + 4. Suppose 0 = t*r - 2*r - 441. Is r a composite number?
True
Let b(v) be the first derivative of -27*v**2/2 + 2*v + 682. Let g(y) = -2*y + 1. Let j be g(4). Is b(j) composite?
False
Let a(s) = -15*s - 11. Suppose -2*f = -f - 4*f. Suppose -5*u - 31 = -0*v + 2*v, f = 2*u - v + 16. Is a(u) a prime number?
False
Suppose -3*w + u + 41504 = 0, 4*u = -w - u + 13840. Suppose -31*t + 26*t + w = 0. Is t a prime number?
True
Suppose 4*l = n + 19, -3*l - 1 = 3*n - 19. Suppose -2*f + 4*o + 16 = 3*f, -l*f = 2*o + 8. Suppose f*t - 1494 = -6*t. Is t a composite number?
True
Suppose -8*n + 15 + 17 = 0